[INFO] cloning repository https://github.com/chunlinwang/rust-1024
[INFO] running `Command { std: "git" "-c" "credential.helper=" "-c" "credential.helper=/workspace/cargo-home/bin/git-credential-null" "clone" "--bare" "https://github.com/chunlinwang/rust-1024" "/workspace/cache/git-repos/https%3A%2F%2Fgithub.com%2Fchunlinwang%2Frust-1024", kill_on_drop: false }`
[INFO] [stderr] Cloning into bare repository '/workspace/cache/git-repos/https%3A%2F%2Fgithub.com%2Fchunlinwang%2Frust-1024'...
[INFO] running `Command { std: "git" "rev-parse" "HEAD", kill_on_drop: false }`
[INFO] [stdout] 08571fe575f0cfaac4878c911818594cf286ad2e
[INFO] building chunlinwang/rust-1024 against master#ff34b919075f35a1787659e9c448a34b06bab8de for issue-85264
[INFO] running `Command { std: "git" "clone" "/workspace/cache/git-repos/https%3A%2F%2Fgithub.com%2Fchunlinwang%2Frust-1024" "/workspace/builds/worker-11/source", kill_on_drop: false }`
[INFO] [stderr] Cloning into '/workspace/builds/worker-11/source'...
[INFO] [stderr] done.
[INFO] validating manifest of git repo https://github.com/chunlinwang/rust-1024 on toolchain ff34b919075f35a1787659e9c448a34b06bab8de
[INFO] running `Command { std: "/workspace/cargo-home/bin/cargo" "+ff34b919075f35a1787659e9c448a34b06bab8de" "metadata" "--manifest-path" "Cargo.toml" "--no-deps", kill_on_drop: false }`
[INFO] started tweaking git repo https://github.com/chunlinwang/rust-1024
[INFO] finished tweaking git repo https://github.com/chunlinwang/rust-1024
[INFO] tweaked toml for git repo https://github.com/chunlinwang/rust-1024 written to /workspace/builds/worker-11/source/Cargo.toml
[INFO] crate git repo https://github.com/chunlinwang/rust-1024 already has a lockfile, it will not be regenerated
[INFO] running `Command { std: "/workspace/cargo-home/bin/cargo" "+ff34b919075f35a1787659e9c448a34b06bab8de" "fetch" "--manifest-path" "Cargo.toml", kill_on_drop: false }`
[INFO] [stderr]     Blocking waiting for file lock on package cache
[INFO] running `Command { std: "docker" "create" "-v" "/var/lib/crater-agent-workspace/builds/worker-11/target:/opt/rustwide/target:rw,Z" "-v" "/var/lib/crater-agent-workspace/builds/worker-11/source:/opt/rustwide/workdir:ro,Z" "-v" "/var/lib/crater-agent-workspace/cargo-home:/opt/rustwide/cargo-home:ro,Z" "-v" "/var/lib/crater-agent-workspace/rustup-home:/opt/rustwide/rustup-home:ro,Z" "-e" "SOURCE_DIR=/opt/rustwide/workdir" "-e" "CARGO_TARGET_DIR=/opt/rustwide/target" "-e" "CARGO_HOME=/opt/rustwide/cargo-home" "-e" "RUSTUP_HOME=/opt/rustwide/rustup-home" "-w" "/opt/rustwide/workdir" "-m" "1610612736" "--user" "0:0" "--network" "none" "ghcr.io/rust-lang/crates-build-env/linux@sha256:20528e8c29e4536546f0102ce88568b16ea7538393a33fcca951030f7af10457" "/opt/rustwide/cargo-home/bin/cargo" "+ff34b919075f35a1787659e9c448a34b06bab8de" "metadata" "--no-deps" "--format-version=1", kill_on_drop: false }`
[INFO] [stdout] c729ff41d3ac01b678acab91bfe5be91c45d1e7c554ebf4a6fad5681a776485f
[INFO] [stderr] WARNING: Your kernel does not support swap limit capabilities or the cgroup is not mounted. Memory limited without swap.
[INFO] running `Command { std: "docker" "start" "-a" "c729ff41d3ac01b678acab91bfe5be91c45d1e7c554ebf4a6fad5681a776485f", kill_on_drop: false }`
[INFO] running `Command { std: "docker" "inspect" "c729ff41d3ac01b678acab91bfe5be91c45d1e7c554ebf4a6fad5681a776485f", kill_on_drop: false }`
[INFO] running `Command { std: "docker" "rm" "-f" "c729ff41d3ac01b678acab91bfe5be91c45d1e7c554ebf4a6fad5681a776485f", kill_on_drop: false }`
[INFO] [stdout] c729ff41d3ac01b678acab91bfe5be91c45d1e7c554ebf4a6fad5681a776485f
[INFO] running `Command { std: "docker" "create" "-v" "/var/lib/crater-agent-workspace/builds/worker-11/target:/opt/rustwide/target:rw,Z" "-v" "/var/lib/crater-agent-workspace/builds/worker-11/source:/opt/rustwide/workdir:ro,Z" "-v" "/var/lib/crater-agent-workspace/cargo-home:/opt/rustwide/cargo-home:ro,Z" "-v" "/var/lib/crater-agent-workspace/rustup-home:/opt/rustwide/rustup-home:ro,Z" "-e" "SOURCE_DIR=/opt/rustwide/workdir" "-e" "CARGO_TARGET_DIR=/opt/rustwide/target" "-e" "CARGO_INCREMENTAL=0" "-e" "RUST_BACKTRACE=full" "-e" "RUSTFLAGS=--cap-lints=forbid" "-e" "CARGO_HOME=/opt/rustwide/cargo-home" "-e" "RUSTUP_HOME=/opt/rustwide/rustup-home" "-w" "/opt/rustwide/workdir" "-m" "1610612736" "--user" "0:0" "--network" "none" "ghcr.io/rust-lang/crates-build-env/linux@sha256:20528e8c29e4536546f0102ce88568b16ea7538393a33fcca951030f7af10457" "/opt/rustwide/cargo-home/bin/cargo" "+ff34b919075f35a1787659e9c448a34b06bab8de" "build" "--frozen" "--message-format=json", kill_on_drop: false }`
[INFO] [stdout] 77054669f602ab7df4dd09e3088e39911c12406b613bd123ad1358044e82bb96
[INFO] [stderr] WARNING: Your kernel does not support swap limit capabilities or the cgroup is not mounted. Memory limited without swap.
[INFO] running `Command { std: "docker" "start" "-a" "77054669f602ab7df4dd09e3088e39911c12406b613bd123ad1358044e82bb96", kill_on_drop: false }`
[INFO] [stderr]    Compiling proc-macro2 v1.0.24
[INFO] [stderr]    Compiling unicode-xid v0.2.1
[INFO] [stderr]    Compiling syn v1.0.60
[INFO] [stderr]    Compiling cfg-if v1.0.0
[INFO] [stderr]    Compiling wasm-bindgen-shared v0.2.71
[INFO] [stderr]    Compiling lazy_static v1.4.0
[INFO] [stderr]    Compiling wasm-bindgen v0.2.71
[INFO] [stderr]    Compiling libc v0.2.88
[INFO] [stderr]    Compiling futures-core v0.3.13
[INFO] [stderr]    Compiling pin-utils v0.1.0
[INFO] [stderr]    Compiling ryu v1.0.5
[INFO] [stderr]    Compiling slab v0.4.2
[INFO] [stderr]    Compiling itoa v0.4.7
[INFO] [stderr]    Compiling ppv-lite86 v0.2.10
[INFO] [stderr]    Compiling boolinator v2.4.0
[INFO] [stderr]    Compiling hashbrown v0.9.1
[INFO] [stderr]    Compiling fnv v1.0.7
[INFO] [stderr]    Compiling cfg-if v0.1.10
[INFO] [stderr]    Compiling bytes v1.0.1
[INFO] [stderr]    Compiling yew v0.17.4
[INFO] [stderr]    Compiling cfg-match v0.2.1
[INFO] [stderr]    Compiling indexmap v1.6.1
[INFO] [stderr]    Compiling log v0.4.14
[INFO] [stderr]    Compiling futures-channel v0.3.13
[INFO] [stderr]    Compiling http v0.2.3
[INFO] [stderr]    Compiling quote v1.0.9
[INFO] [stderr]    Compiling getrandom v0.2.2
[INFO] [stderr]    Compiling rand_core v0.6.2
[INFO] [stderr]    Compiling rand_chacha v0.3.0
[INFO] [stderr]    Compiling rand v0.8.3
[INFO] [stderr]    Compiling wasm-bindgen-backend v0.2.71
[INFO] [stderr]    Compiling wasm-bindgen-macro-support v0.2.71
[INFO] [stderr]    Compiling serde_derive v1.0.123
[INFO] [stderr]    Compiling futures-macro v0.3.13
[INFO] [stderr]    Compiling thiserror-impl v1.0.24
[INFO] [stderr]    Compiling yew-macro v0.17.0
[INFO] [stderr]    Compiling wasm-bindgen-macro v0.2.71
[INFO] [stderr]    Compiling futures-util v0.3.13
[INFO] [stderr]    Compiling thiserror v1.0.24
[INFO] [stderr]    Compiling js-sys v0.3.48
[INFO] [stderr]    Compiling console_error_panic_hook v0.1.6
[INFO] [stderr]    Compiling futures-executor v0.3.13
[INFO] [stderr]    Compiling futures v0.3.13
[INFO] [stderr]    Compiling serde v1.0.123
[INFO] [stderr]    Compiling web-sys v0.3.48
[INFO] [stderr]    Compiling wasm-bindgen-futures v0.4.21
[INFO] [stderr]    Compiling bincode v1.2.1
[INFO] [stderr]    Compiling serde_json v1.0.63
[INFO] [stderr]    Compiling gloo-events v0.1.1
[INFO] [stderr]    Compiling gloo-console-timer v0.1.0
[INFO] [stderr]    Compiling gloo-timers v0.2.1
[INFO] [stderr]    Compiling wasm-logger v0.2.0
[INFO] [stderr]    Compiling gloo-file v0.1.0
[INFO] [stderr]    Compiling gloo v0.2.1
[INFO] [stderr]    Compiling rust-1024 v0.1.0 (/opt/rustwide/workdir)
[INFO] [stdout] error[E0433]: failed to resolve: use of undeclared crate or module `log`
[INFO] [stdout]   --> src/lib.rs:19:5
[INFO] [stdout]    |
[INFO] [stdout] 19 |     log::info!("app mount!");
[INFO] [stdout]    |     ^^^ use of undeclared crate or module `log`
[INFO] [stdout] 
[INFO] [stdout] 
[INFO] [stdout] warning: unused import: `std::io`
[INFO] [stdout]  --> src/lib.rs:1:5
[INFO] [stdout]   |
[INFO] [stdout] 1 | use std::io;
[INFO] [stdout]   |     ^^^^^^^
[INFO] [stdout]   |
[INFO] [stdout]   = note: `#[warn(unused_imports)]` on by default
[INFO] [stdout] 
[INFO] [stdout] 
[INFO] [stdout] warning: unused import: `crate::component::model::Model`
[INFO] [stdout]  --> src/lib.rs:5:5
[INFO] [stdout]   |
[INFO] [stdout] 5 | use crate::component::model::Model;
[INFO] [stdout]   |     ^^^^^^^^^^^^^^^^^^^^^^^^^^^^^^
[INFO] [stdout] 
[INFO] [stdout] 
[INFO] [stdout] warning: unused import: `std::io`
[INFO] [stdout]  --> src/component/game_panel.rs:1:5
[INFO] [stdout]   |
[INFO] [stdout] 1 | use std::io;
[INFO] [stdout]   |     ^^^^^^^
[INFO] [stdout] 
[INFO] [stdout] 
[INFO] [stdout] error[E0609]: no field `data` on type `()`
[INFO] [stdout]   --> src/component/game_panel.rs:37:32
[INFO] [stdout]    |
[INFO] [stdout] 37 |                 <GameContainer data={self.matrix.data}/>
[INFO] [stdout]    |                                ^^^^
[INFO] [stdout]    |
[INFO] [stdout]    = note: this error originates in a macro (in Nightly builds, run with -Z macro-backtrace for more info)
[INFO] [stdout] 
[INFO] [stdout] 
[INFO] [stdout] error[E0599]: no method named `data` found for struct `EmptyBuilder` in the current scope
[INFO] [stdout]   --> src/component/game_panel.rs:37:32
[INFO] [stdout]    |
[INFO] [stdout] 37 |                 <GameContainer data={self.matrix.data}/>
[INFO] [stdout]    |                                ^^^^ method not found in `EmptyBuilder`
[INFO] [stdout]    |
[INFO] [stdout]    = note: this error originates in a macro (in Nightly builds, run with -Z macro-backtrace for more info)
[INFO] [stdout] 
[INFO] [stdout] 
[INFO] [stdout] error[E0063]: missing field `data` in initializer of `GameContainer`
[INFO] [stdout]   --> src/component/game_container.rs:11:9
[INFO] [stdout]    |
[INFO] [stdout] 11 |         Self {
[INFO] [stdout]    |         ^^^^ missing `data`
[INFO] [stdout] 
[INFO] [stdout] 
[INFO] [stdout] error: aborting due to 4 previous errors; 3 warnings emitted
[INFO] [stdout] 
[INFO] [stdout] 
[INFO] [stdout] Some errors have detailed explanations: E0063, E0433, E0599, E0609.
[INFO] [stdout] 
[INFO] [stdout] For more information about an error, try `rustc --explain E0063`.
[INFO] [stdout] 
[INFO] [stderr] error: could not compile `rust-1024`
[INFO] [stderr] 
[INFO] [stderr] To learn more, run the command again with --verbose.
[INFO] running `Command { std: "docker" "inspect" "77054669f602ab7df4dd09e3088e39911c12406b613bd123ad1358044e82bb96", kill_on_drop: false }`
[INFO] running `Command { std: "docker" "rm" "-f" "77054669f602ab7df4dd09e3088e39911c12406b613bd123ad1358044e82bb96", kill_on_drop: false }`
[INFO] [stdout] 77054669f602ab7df4dd09e3088e39911c12406b613bd123ad1358044e82bb96
